me factors of 25378937.
163, 155699
What are the prime factors of 66875581?
61, 67, 16363
List the prime factors of 4583417550.
2, 3, 5, 37, 379, 2179
What are the prime factors of 26880343?
7, 251, 15299
List the prime factors of 136591454.
2, 797, 85691
List the prime factors of 295752455.
5, 53, 367, 3041
What are the prime factors of 146823490?
2, 5, 11, 23, 131, 443
What are the prime factors of 231825763?
13, 23, 53, 14629
List the prime factors of 216278470.
2, 5, 21627847
List the prime factors of 705587004.
2, 3, 6533213
List the prime factors of 5193672278.
2, 17, 167, 914701
What are the prime factors of 238975920?
2, 3, 5, 19, 647
List the prime factors of 170614866.
2, 3, 109, 260879
List the prime factors of 507107561.
97, 107, 48859
List the prime factors of 85485430.
2, 5, 109, 78427
What are the prime factors of 48480779?
29, 1039, 1609
What are the prime factors of 188459225?
5, 263, 28663
What are the prime factors of 154998871?
53, 769, 3803
List the prime factors of 1570460570.
2, 5, 7, 67, 103, 3251
What are the prime factors of 10267265?
5, 1427, 1439
What are the prime factors of 92639125?
5, 311, 2383
What are the prime factors of 137127629?
137127629
What are the prime factors of 118939059?
3, 1447, 9133
What are the prime factors of 22718865?
3, 5, 13, 116507
What are the prime factors of 5633383?
7, 114967
What are the prime factors of 3901609951?
97, 787, 51109
List the prime factors of 115838683.
115838683
What are the prime factors of 123757215?
3, 5, 8250481
What are the prime factors of 699859015?
5, 19, 1103, 6679
What are the prime factors of 1437095275?
5, 7, 11, 106649
List the prime factors of 300924850.
2, 5, 19, 173, 1831
What are the prime factors of 231078223?
607, 617
List the prime factors of 886674910.
2, 5, 11, 8060681
List the prime factors of 370428951.
3, 31, 557, 7151
What are the prime factors of 25944007?
43, 603349
List the prime factors of 2708589552.
2, 3, 1811, 31159
List the prime factors of 60841209.
3, 11, 13, 37, 3833
What are the prime factors of 858974906?
2, 37, 2791, 4159
What are the prime factors of 886055431?
53, 89, 187843
List the prime factors of 210165186.
2, 3, 7, 11, 17, 26759
List the prime factors of 171086670.
2, 3, 5, 601, 3163
List the prime factors of 57705658.
2, 53, 59, 9227
List the prime factors of 226556893.
19, 11924047
What are the prime factors of 67291704?
2, 3, 934607
List the prime factors of 2046766542.
2, 3, 97, 613, 5737
List the prime factors of 1338486795.
3, 5, 769, 12893
List the prime factors of 95449332.
2, 3, 11, 723101
What are the prime factors of 559665691?
13, 19, 593, 3821
List the prime factors of 317146968.
2, 3, 17, 86369
List the prime factors of 149322880.
2, 5, 7, 33331
List the prime factors of 63767187.
3, 11, 17, 37889
List the prime factors of 332117670.
2, 3, 5, 2341, 4729
List the prime factors of 6006775727.
73, 101, 814699
List the prime factors of 181613561.
73, 107, 23251
What are the prime factors of 61528099?
19, 163, 19867
List the prime factors of 1256818855.
5, 1847, 136093
What are the prime factors of 115776266?
2, 57888133
List the prime factors of 63336105.
3, 5, 7, 67, 3001
What are the prime factors of 12337096?
2, 1542137
What are the prime factors of 316762300?
2, 5, 19, 293, 569
What are the prime factors of 492116873?
349, 1410077
What are the prime factors of 7746519833?
13, 67, 8893823
List the prime factors of 129049629.
3, 263, 163561
What are the prime factors of 106454775?
3, 5, 7, 31, 211
What are the prime factors of 6191569?
1597, 3877
What are the prime factors of 20552995?
5, 101, 40699
What are the prime factors of 2057758999?
17, 121044647
What are the prime factors of 323040014?
2, 11, 19, 23, 33601
What are the prime factors of 382205680?
2, 5, 541, 8831
What are the prime factors of 14944161?
3, 4981387
List the prime factors of 169003384.
2, 11, 389, 4937
What are the prime factors of 3585272401?
3585272401
What are the prime factors of 710884688?
2, 44430293
What are the prime factors of 429576344?
2, 457, 117499
List the prime factors of 37329759.
3, 23, 180337
List the prime factors of 1113595652.
2, 13, 107, 263, 761
What are the prime factors of 27561515?
5, 73, 75511
What are the prime factors of 63339554?
2, 401, 78977
What are the prime factors of 659432744?
2, 31, 113, 23531
What are the prime factors of 51104962?
2, 25552481
What are the prime factors of 1726945929?
3, 19, 61, 165559
List the prime factors of 2714327754.
2, 3, 6361, 71119
List the prime factors of 90821319.
3, 23, 1316251
List the prime factors of 3253024.
2, 59, 1723
What are the prime factors of 2422004522?
2, 7, 173000323
List the prime factors of 138690872.
2, 421, 41179
What are the prime factors of 1531345096?
2, 191418137
What are the prime factors of 2888206128?
2, 3, 163, 123049
What are the prime factors of 526211?
7, 10739
List the prime factors of 927027025.
5, 419, 88499
List the prime factors of 2040255334.
2, 13, 569, 137911
What are the prime factors of 102068943?
3, 1187, 28663
What are the prime factors of 54063793?
7, 83, 93053
What are the prime factors of 309357111?
3, 7, 37, 398143
What are the prime factors of 634996268?
2, 113, 1404859
List the prime factors of 4790428.
2, 47, 83, 307
List the prime factors of 1743112962.
2, 3, 96839609
List the prime factors of 47310588.
2, 3, 13, 31, 1087
List the prime factors of 63923843.
43, 971, 1531
What are the prime factors of 111287338?
2, 17, 3273157
List the prime factors of 1051789439.
17, 1553, 39839
What are the prime factors of 605659903?
19, 73, 283, 1543
What are the prime factors of 131700842?
2, 7, 13, 283, 2557
What are the prime factors of 227417865?
3, 5, 3467, 4373
List the prime factors of 1725577246.
2, 13931, 61933
What are the prime factors of 116178055?
5, 7, 137, 24229
List the prime factors of 32774957.
83, 394879
List the prime factors of 33042059.
33042059
What are the prime factors of 503061240?
2, 3, 5, 11, 223, 1709
List the prime factors of 391671758.
2, 195835879
What are the prime factors of 4269324347?
41999, 101653
List the prime factors of 757440144.
2, 3, 5260001
List the prime factors of 2453236.
2, 17, 43, 839
What are the prime factors of 82449320?
2, 5, 17, 29, 37, 113
List the prime factors of 1379349276.
2, 3, 379, 303287
What are the prime factors of 37729368?
2, 3, 174673
What are the prime factors of 132693091?
181, 733111
What are the prime factors of 592905475?
5, 23716219
What are the prime factors of 1666800996?
2, 3, 7, 19842869
What are the prime factors of 719619613?
2053, 350521
What are the prime factors of 924557673?
3, 13, 23706607
List the prime factors of 113539476.
2, 3, 9461623
List the prime factors of 227422393.
11, 20674763
List the prime factors of 566733561.
3, 6551, 28837
List the prime factors of 18234939.
3, 29, 209597
What are the prime factors of 67270345?
5, 67, 200807
List the prime factors of 487398391.
487398391
What are the prime factors of 3051330748?
2, 17, 44872511
List the prime factors of 232316002.
2, 19, 6113579
List the prime factors of 1131273198.
2, 3, 11, 59, 179, 541
What are the prime factors of 64143097?
379, 169243
What are the prime factors of 1379993731?
19, 479, 151631
List the prime factors of 49032484.
2, 12258121
List the prime factors of 1246598170.
2, 5, 19, 1801, 3643
List the prime factors of 1723582194.
2, 3, 287263699
List the prime factors of 15209862.
2, 3, 29, 61, 1433
What are the prime factors of 156055803?
3, 52018601
What are the prime factors of 1770927605?
5, 354185521
List the prime factors of 93911310.
2, 3, 5, 277, 3767
What are the prime factors of 87045130?
2, 5, 8704513
List the prime factors of 835705894.
2, 12619, 33113
List the prime factors of 1657929647.
11, 89, 1693493
What are the prime factors of 1895267863?
31, 53, 127, 293
What are the prime factors of 3672564658?
2, 7, 61, 4300427
List the prime factors of 2687327882.
2, 3361, 399781
List the prime factors of 148455399.
3, 49485133
What are the prime factors of 165728684?
2, 11, 211, 17851
What are the prime factors of 68586520?
2, 5, 1714663
What are the prime factors of 7141228152?
2, 3, 131, 2271383
What are the prime factors of 1599695938?
2, 799847969
What are the pri